nd 18?
9
Calculate the greatest common divisor of 190 and 2812.
38
Calculate the greatest common divisor of 256 and 1408.
128
What is the greatest common divisor of 455 and 35?
35
What is the highest common factor of 70 and 805?
35
Calculate the highest common factor of 5694 and 1095.
219
What is the highest common divisor of 1326 and 170?
34
Calculate the highest common factor of 5 and 80.
5
What is the highest common divisor of 387 and 18?
9
Calculate the highest common divisor of 167 and 50768.
167
Calculate the greatest common divisor of 628 and 8.
4
Calculate the greatest common factor of 204 and 6.
6
What is the greatest common factor of 582 and 24?
6
What is the greatest common divisor of 369 and 9?
9
Calculate the greatest common factor of 247 and 13.
13
What is the greatest common divisor of 9994 and 76?
38
What is the greatest common factor of 6789 and 279?
93
Calculate the highest common divisor of 1069 and 9.
1
What is the highest common factor of 494 and 41743?
247
Calculate the greatest common divisor of 2233 and 77.
77
What is the greatest common divisor of 584 and 10220?
292
What is the highest common factor of 1089 and 968?
121
What is the greatest common divisor of 13146 and 126?
42
Calculate the greatest common divisor of 3280 and 320.
80
What is the highest common factor of 272 and 204?
68
Calculate the highest common factor of 12117 and 84.
21
Calculate the highest common factor of 3232 and 64.
32
Calculate the greatest common factor of 102 and 714.
102
Calculate the greatest common divisor of 10537 and 82.
41
Calculate the greatest common divisor of 55 and 275.
55
What is the greatest common factor of 1156 and 2?
2
What is the highest common factor of 156 and 117?
39
Calculate the greatest common divisor of 243 and 108.
27
What is the greatest common divisor of 265 and 8480?
265
Calculate the highest common factor of 66 and 150.
6
Calculate the greatest common divisor of 145 and 116.
29
What is the greatest common factor of 296 and 37?
37
What is the highest common factor of 52 and 117?
13
Calculate the highest common divisor of 75166 and 413.
413
What is the greatest common factor of 99 and 261?
9
What is the greatest common factor of 23 and 89861?
23
Calculate the highest common factor of 7 and 9583.
7
What is the greatest common divisor of 26 and 5122?
26
What is the highest common divisor of 950 and 40?
10
Calculate the greatest common factor of 4060 and 40.
20
What is the greatest common divisor of 1813 and 343?
49
What is the greatest common factor of 45 and 20?
5
Calculate the greatest common factor of 608 and 38.
38
What is the greatest common factor of 385 and 7?
7
What is the greatest common divisor of 10 and 22?
2
What is the highest common factor of 29 and 116?
29
What is the highest common factor of 12 and 1284?
12
Calculate the greatest common divisor of 110 and 682.
22
What is the greatest common divisor of 1162 and 98?
14
Calculate the greatest common divisor of 198 and 550.
22
What is the greatest common factor of 7 and 1568?
7
Calculate the highest common factor of 133 and 513.
19
Calculate the highest common factor of 16 and 22.
2
What is the highest common factor of 133 and 152?
19
Calculate the highest common divisor of 5632 and 22.
22
What is the greatest common factor of 12320 and 21?
7
What is the greatest common divisor of 2480 and 155?
155
What is the greatest common divisor of 12 and 114?
6
Calculate the highest common divisor of 27 and 75.
3
Calculate the greatest common factor of 21 and 86919.
21
Calculate the highest common factor of 14 and 154.
14
Calculate the highest common factor of 66 and 308.
22
What is the highest common divisor of 11464 and 8?
8
What is the highest common factor of 732 and 305?
61
What is the highest common divisor of 74 and 629?
37
What is the highest common factor of 8 and 9344?
8
What is the highest common factor of 58 and 754?
58
Calculate the highest common divisor of 111 and 259.
37
What is the highest common divisor of 935 and 55?
55
Calculate the greatest common divisor of 3 and 108.
3
Calculate the greatest common divisor of 1416 and 264.
24
Calculate the highest common divisor of 16 and 14.
2
What is the greatest common factor of 2464 and 8?
8
Calculate the greatest common divisor of 10 and 8700.
10
Calculate the greatest common divisor of 2121 and 505.
101
What is the highest common divisor of 46 and 9913?
23
What is the greatest common divisor of 248 and 93?
31
Calculate the highest common factor of 3780 and 100.
20
What is the greatest common divisor of 3599 and 649?
59
Calculate the greatest common divisor of 60 and 36.
12
Calculate the greatest common factor of 2 and 17.
1
Calculate the greatest common factor of 8366 and 94.
94
What is the greatest common divisor of 7900 and 500?
100
Calculate the highest common divisor of 135 and 9.
9
Calculate the highest common factor of 246 and 174.
6
Calculate the highest common factor of 44 and 286.
22
Calculate the greatest common factor of 90 and 5085.
45
Calculate the greatest common factor of 576 and 10176.
192
Calculate the greatest common factor of 140 and 1015.
35
What is the greatest common divisor of 279 and 155?
31
What is the highest common divisor of 235 and 10?
5
Calculate the greatest common factor of 555 and 30.
15
What is the greatest common factor of 90 and 30?
30
Calculate the greatest common divisor of 200 and 25.
25
Calculate the greatest common divisor of 82 and 697.
41
Calculate the highest common factor of 18280 and 80.
40
What is the greatest common divisor of 553 and 316?
79
What is the highest common divisor of 147 and 49?
49
Calculate the highest common divisor of 14331 and 153.
51
Calculate the highest common factor of 12 and 1164.
12
What is the highest common divisor of 656 and 2296?
328
Calculate the greatest common factor of 64 and 216.
8
Calculate the greatest common factor of 54 and 9774.
54
Calculate the greatest common divisor of 168 and 63.
21
What is the highest common divisor of 88 and 88?
88
What is the highest common factor of 290 and 2552?
58
Calculate the greatest common divisor of 38 and 1178.
38
Calculate the greatest common divisor of 291 and 194.
97
What is the highest common divisor of 52 and 598?
26
What is the highest common divisor of 715 and 286?
143
Calculate the greatest common divisor of 931 and 57.
19
What is the greatest common divisor of 84 and 630?
42
What is the greatest common factor of 18 and 53478?
18
What is the highest common factor of 347 and 54479?
347
Calculate the highest common divisor of 935 and 85.
85
What is the greatest common factor of 2050 and 164?
82
Calculate the greatest common divisor of 81 and 81.
81
What is the highest common divisor of 351 and 135?
27
What is the greatest common divisor of 1455 and 15?
15
What is the greatest common divisor of 1778 and 1016?
254
What is the greatest common divisor of 119 and 153?
17
Calculate the greatest common factor of 804 and 24.
12
What is the greatest common divisor of 2007 and 892?
223
What is the highest common divisor of 12 and 11724?
12
What is the highest common divisor of 451 and 11?
11
What is the highest common factor of 173 and 11?
1
What is the greatest common divisor of 22 and 922?
2
What is the greatest common factor of 18 and 162?
18
What is the greatest common factor of 65 and 2951?
13
What is the greatest common factor of 3219 and 261?
87
Calculate the highest common divisor of 36 and 234.
18
What is the greatest common divisor of 164 and 32?
4
Calculate the highest common divisor of 176 and 4686.
22
Calculate the highest common factor of 528 and 1232.
176
Calculate the highest common divisor of 497 and 71.
71
What is the greatest common divisor of 134 and 2?
2
Calculate the highest common divisor of 12 and 57.
3
Calculate the greatest common divisor of 580 and 280.
20
Calculate the highest common divisor of 19 and 285.
19
Calculate the highest common divisor of 21 and 1113.
21
What is the greatest common divisor of 118 and 4?
2
What is the greatest common factor of 80 and 1360?
80
What is the greatest common divisor of 5850 and 90?
90
Calculate the greatest common divisor of 462 and 1232.
154
What is the highest common factor of 2794 and 121?
11
Calculate the greatest comm